rivative of w**4/12 - w**3/2 + w**2 + 18*w. List the prime factors of k(v).
2, 5
Let r = 564 - 323. List the prime factors of r.
241
Let r(o) = 11*o**2 - 4*o - 8. List the prime factors of r(3).
79
Suppose -2*t + 765 = 7*t. What are the prime factors of t?
5, 17
Let u(f) = f**3 + 7*f**2 + f - 7. Let p be u(-6). Suppose -2*y + 6 - p = -l, 0 = 5*l - 3*y - 120. What are the prime factors of l?
3
Let w = 34 - 4. List the prime factors of w.
2, 3, 5
Suppose 4*h = 9*h + 5*t - 140, 0 = 2*h - 2*t - 48. List the prime factors of h.
2, 13
Let u be 3/9 - 286/(-6). Suppose -3*y + 5*z + 36 = -y, 4*y - u = -2*z. What are the prime factors of y?
13
Suppose d + 4 - 49 = 0. Let g = d + -24. What are the prime factors of g?
3, 7
Let x = -13 - -2. Let n = x + 16. Suppose -2*k + n*b + 9 = -8, 12 = 4*b. What are the prime factors of k?
2
What are the prime factors of (-3)/(8/((-1992)/9))?
83
Let j be (7 - 6)*(17 + 0). Suppose 4*c - j - 15 = 0. What are the prime factors of c?
2
Let w = 410 + -292. Suppose -4*k + 168 = 4*x, -w = -3*x - 0*k + k. What are the prime factors of x?
2, 5
Let o = 15 - 10. Suppose -o*s + 115 = 10. What are the prime factors of s?
3, 7
Let l(d) = 0 - 3*d**2 + 0 + 6*d**2 - 2*d. What are the prime factors of l(2)?
2
What are the prime factors of ((-2230)/(-25))/((-3)/15*-2)?
223
Suppose -h + 15 = y + 54, 27 = -y + 3*h. List the prime factors of (-28)/6*y/14.
2, 3
Suppose 2*z + z + 95 = 2*h, h = -2*z + 51. Suppose n = -4*w - 22, -3*n + 3*w - h = -2*w. What are the prime factors of n*-2*3/18?
2, 3
Suppose h + 12 = 4*h. Let b be (-2 - (-24)/9)*12. Suppose b*f - 3*f - 3*g - 46 = 0, -g = h*f - 47. What are the prime factors of f?
11
Let p(w) = -2*w - 1. Suppose -3 = 2*l + 3. Let g be p(l). Suppose -2*y - 5*h = -56, 2*h + 72 = g*y - 39. What are the prime factors of y?
23
Suppose -4*y + 14 = -q, 5*y - 5*q - 4 - 6 = 0. Suppose 3 + 5 = -y*c. What are the prime factors of (2 + c)/(-1) - -11?
11
What are the prime factors of 3*(-2 - (-672)/9)/2?
109
Let y = 5 + -7. Let u(k) = -6*k**3 - 3*k**2 - 2*k - 1. Let n be u(y). Suppose -3*d - 21 = -2*a, -n = -3*a - a + 5*d. List the prime factors of a.
2, 3
Let g = -4 - -7. Suppose g*v = -2*v - 5. Let o = 4 + v. List the prime factors of o.
3
Let t = -75 - -126. List the prime factors of t.
3, 17
Let k be -3 + -4 + 59 + -4. Let g = k + -2. List the prime factors of g.
2, 23
Let b = 17 + -8. Suppose b*t - 90 = 6*t. List the prime factors of t.
2, 3, 5
Suppose 3*g + 2*c = -2, -2*c + 3*c = 3*g - 10. Suppose l = -l + g. Suppose -2*y + l = -3. List the prime factors of y.
2
Let x(q) = -q**3 - 10*q**2 - 9*q + 5. Let h(i) be the third derivative of -i**5/6 + i**4/12 - i**3/6 + i**2. Let p be h(1). What are the prime factors of x(p)?
5
Let g = 15 - 10. Suppose -56 = -4*r - g*j, 2*r = -0*r + j + 14. Suppose 0 = -s + r + 2. What are the prime factors of s?
11
Suppose -q - 4*a = -15, 26 - 71 = -5*q - 5*a. What are the prime factors of q?
7
Let r = -36 - -75. What are the prime factors of r?
3, 13
Suppose t - 106 - 6 = 0. List the prime factors of (-15)/2*t/(-35).
2, 3
Suppose 2*o = 2*t - 68 + 374, -6 = 2*t. What are the prime factors of o?
2, 3, 5
Suppose 2*z - 2 - 2 = 0. Suppose -5*o + 3*a = -18, -5 = -o - z*a + 9. List the prime factors of o.
2, 3
Suppose -w - 5*q = 2*w + 8, w - 4*q + 14 = 0. Let p be 68/(-2)*w/4. Suppose 30 = l + 5*g, 3*l + 4*g + 16 = p. What are the prime factors of l?
5
Let o(c) = 215*c + 4. What are the prime factors of o(1)?
3, 73
Let m(v) be the second derivative of 1/20*v**5 + 0 - 1/12*v**4 - 2*v - 2/3*v**3 + 0*v**2. List the prime factors of m(3).
2, 3
Suppose 0 = z - 0 - 2. Let x = 26 + z. Suppose -2*d = -6 - x. What are the prime factors of d?
17
Suppose -m - 5*m + 42 = 0. What are the prime factors of m?
7
Suppose -12 + 2 = c. Let x = 23 + c. List the prime factors of x.
13
Let v(p) = p**3 + 5*p**2 - 7*p - 4. Let h be v(-6). Suppose 0*a + 45 = a + 2*y, 5*a + h*y - 193 = 0. What are the prime factors of a?
37
Let t = -8 - -88. List the prime factors of t.
2, 5
Suppose 2*q - 16 = -4*p, 2*q - 4*q - 3*p + 11 = 0. Let c(x) = -x**3 + x**2 - 2*x - 2. List the prime factors of c(q).
2, 7
Let c(d) = d**3 - 11*d**2 + 10*d + 6. Let b be c(10). Let p(s) = -s**3 + 5*s**2 + 5*s + 5. Let v be p(b). List the prime factors of 66/6 + (v - -1).
11
Let l(w) = -6*w - 7. Suppose -14*m + 7 = -15*m. List the prime factors of l(m).
5, 7
Let y = 38 + 19. List the prime factors of y.
3, 19
Suppose -5*x + 0*x = 0. Suppose x = 4*g - 83 - 37. What are the prime factors of g?
2, 3, 5
Let x(k) be the first derivative of -k**3/3 + 9*k**2/2 - 8*k - 2. Suppose 5*l - 2*l - 22 = 4*d, 0 = -3*l + 2*d + 20. What are the prime factors of x(l)?
2, 5
Suppose 2*f - 7*f + 3*p + 1987 = 0, f - 379 = -4*p. List the prime factors of f.
5, 79
Suppose -2*u + 13 = 3*n, 0 = -4*u + u + n + 47. Suppose -3*k = -4*k + u. List the prime factors of k.
2, 7
Let o(q) = 3*q**2 + 4*q + 1. Let f be (12/(-8))/((-2)/(-4)). What are the prime factors of o(f)?
2
Suppose -11*w = -6*w - 100. Suppose 4*u - w = 16. List the prime factors of u.
3
Suppose 0 = -0*m - m - 4*t, 0 = -5*m + t. Let i = m - 1. What are the prime factors of 1 - ((-2 - 0) + i)?
2
Suppose 5*w = -2*b - 11, 5*b - 21 = 3*w - 2. Suppose 3*a + 4 = o, -2 = -b*o + 4*a + 4. What are the prime factors of o/(-4) - (-57)/4?
2, 7
Suppose 0*b = -2*b. Let c be (-2 + b)/((-8)/60). Let n = c + 3. List the prime factors of n.
2, 3
Let w = -5 + 51. Let k = w - 28. What are the prime factors of k?
2, 3
Let v(n) = -n**2 - 5*n - 4. Let u be v(-4). Let l(y) = -y**2 + y - 1. Let x be l(u). List the prime factors of 4 + -2 - x*2.
2
Suppose q - 2*g - 14 = -7*g, 2*g - 4 = 0. Suppose q*a = a + v + 18, 5*v + 5 = -2*a. What are the prime factors of (-1 - 1) + 2 + a?
5
Let q be 30/(-5)*(-4)/6. Suppose 4 = c - 2*c - 3*v, q*c + 4*v + 16 = 0. Let b = 13 + c. List the prime factors of b.
3
Let m(b) = -2*b**2 + 3*b + 4. Let f be m(-2). Suppose -4*r = h - 5, -15 = -3*h - 2*r + 3*r. List the prime factors of (-102)/f + (-1)/h.
2, 5
Let u(k) = 28*k**2 - k + 16. List the prime factors of u(3).
5, 53
Let o(j) = 59*j**2 - 3*j - 4. What are the prime factors of o(-2)?
2, 7, 17
Suppose -1047 = -5*r + s, 4*r - 1037 = -r - 4*s. List the prime factors of r.
11, 19
Suppose -3*l - 7 = -73. Suppose -2 - l = -z. List the prime factors of z.
2, 3
Suppose -m + 209 = 61. Suppose b - 5*b + m = 0. What are the prime factors of b?
37
Let m = -10 - -14. Suppose -m*j + 35 = 3*f, -j - 15 = -5*f + f. Suppose -3*l = f*z - 27, -z = -2*l - 9 + 1. List the prime factors of z.
2, 3
List the prime factors of (-4)/30 - (-1936)/120.
2
Suppose -8 - 2 = -2*s. Let g(b) = -b**2 + 5*b + 5. Let c be g(s). Suppose -2*p = c*r - 28, -p + 4*r = p + 8. List the prime factors of p.
2
Suppose 0 = 2*m - 4, 5*d = -5*m - 9 + 79. Let y = 3 + d. What are the prime factors of (24/(-18))/((-2)/y)?
2, 5
Let s = -1 - -4. Suppose c + 3 = 0, 2*f + 15 = -4*c + s. Suppose f + 9 = h. List the prime factors of h.
3
Let j(w) = -w - 7. Let y = -16 + 7. Let c be j(y). Suppose 6 = c*i, 2*f + 3*i - 27 = 2*i. List the prime factors of f.
2, 3
Let v(d) = d**3 - 2*d**2 - 1. Let r(w) = -w**3 + 8*w**2 + 10*w - 6. Let t be r(9). Let z be v(t). Let c = 11 - z. List the prime factors of c.
3
Let v be 8/20 - (-13)/5. Suppose -t - 22 = -h, 0 = -v*h - 2*h - t + 80. What are the prime factors of h?
17
Let d(x) = -3*x + 46. List the prime factors of d(-19).
103
Suppose 14 = -r + 3*r. Suppose 3*b - 34 = -r. Suppose 2*j - b = -3. What are the prime factors of j?
3
Let n(j) = -j**2 - 3*j - 2. Let v be n(-2). Let y = v + 0. Suppose 0 = -y*f - f + 3. List the prime factors of f.
3
Let s = 41 - 57. What are the prime factors of (-40)/s + 2/(-4)?
2
Suppose 8 = -x + 5*x. Let j(d) = 2*d**2 + d - 4. Let o be j(-4). Suppose -4*t - 4*q + o = -0*q, -t - x*q + 3 = 0. List the prime factors of t.
3
Suppose 227 = -4*f - x + 1391, -f - 2*x = -298. What are the prime factors of f?
2, 5, 29
Let y(v) = v + 3. Let w(h) = 4 + 7 - 10. Let x(b) = -8*w(b) + 3*y(b). What are the prime factors of x(4)?
13
Suppose 230 + 175 = 5*t. List the prime factors of t.
3
Suppose 4*y = 186 - 18. List the prime factors of y.
2, 3, 7
Let u(k) = k**3 + 6*k**2 - 7*k - 5. List the prime factors of u(-4).
5, 11
Let l be 2 - 0/2 - -13. Let k = 